) = w**2 - 14*w + 15. Let y be s(13). Suppose -2*d = -d + 1, z = -y*d. Let f(h) = -z*h - 6*h - 4 - h**2 + 2. Calculate f(-6).
10
Let p(s) be the first derivative of -s**3 + s**2/2 + 2*s - 66. Let z be -5 - (-3 + 0/2). What is p(z)?
-12
Suppose -3*k = 5*i + 2*k - 75, i - 30 = 2*k. Let m(o) = -o**3 + o + 7 + 18 - i. What is m(0)?
5
Suppose -15 = 5*s + 10. Let p(w) be the second derivative of w**4/3 - 2*w**3/3 + 2*w**2 + 3*w. Let c(r) = r**3. Let h(i) = -c(i) - p(i). Determine h(s).
1
Let p(i) = -i - 1. Let l be 2 - (-3 - 1)*-2. Let d be p(l). Let r(v) be the first derivative of v**4/4 - 5*v**3/3 - 5*v**2/2 + 7*v + 4005. What is r(d)?
-18
Let j(g) = 16*g**3 + 11*g**2 + 3*g - 11. Let l(s) = -3*s**3 - s**2 + 1. Let h(r) = j(r) + 5*l(r). Determine h(-5).
4
Let s(t) = -4*t + 7. Let k be ((-90)/(-12) - 6)*56/(-21). What is s(k)?
23
Let c(x) be the second derivative of x**4/12 + x**3/3 - x**2/2 - 28*x. Let m(g) = -g**2 - 5*g - 4. Let a be m(-3). Suppose 6*n - 4 = a*n. Give c(n).
2
Let y(i) = -42*i - 8 + i**2 + 33*i + 14*i. What is y(-8)?
16
Let k(z) = -z - 10. Let c be k(2). Let h(v) = -v**3 - 11*v**2 + 12*v - 5. Calculate h(c).
-5
Let g = 203 + -84. Let q be g/1*26/91. Suppose -3*b + b - 4*v = q, b - 3 = 2*v. Let m(f) = f**3 + 6*f**2 - 8*f + 2. Give m(b).
9
Let k(o) = o + 7. Let y be (4/(3 - 5))/(16/32). What is k(y)?
3
Suppose 4*r = -3*j + 12, r = 6*r - 5*j - 15. Let c(y) = -2*y - 3. Give c(r).
-9
Let a(r) = -2*r - r**3 + 5*r**2 + 0 - 1 - 2*r**2. Let u be 20/(-5) - -2*2. Let w be (u - 8/4) + 4. Give a(w).
-1
Suppose -5*n = -3 - 7, a = -3*n + 6. Let o = a - -2. Let r(h) = h**2 - h + 8 - h**o - 4*h**2 + 5*h**2. Determine r(0).
8
Let s(b) = b**2 + 12*b + 9. Let g be (5 - (-104)/(-20))*0. Suppose 5*i - 3*w = -g*i - 58, 5*w + 28 = -3*i. Give s(i).
-2
Let c(u) = -u**2 + u - 1. Let j(t) = -t**3 - 4*t**2 - 2*t - 6. Let w(f) = -2*c(f) - j(f). What is w(-6)?
8
Let j = 20 + -14. Suppose -t - t = -j. Let x(h) = h**2 + 13*h - 7. Let d(b) = b**2 + 19*b - 10. Let o(u) = 5*d(u) - 7*x(u). What is o(t)?
-7
Let o(i) = i**2 - 6*i. Let v be o(6). Let l(u) be the third derivative of -4/3*u**3 + 1/24*u**4 + 0*u + 0 - 9*u**2. What is l(v)?
-8
Let r(f) = 5*f + 13 + f**3 - 44 - 6*f**2 + 15 + 15. Let l = 22 - 32. Let k = l + 15. Determine r(k).
-1
Let s(q) be the first derivative of q**2/2 - 6*q - 31. Let b be 112/21 - 2/6. Determine s(b).
-1
Let o be (2 - (-36)/(-6))/(-2 - -1). Let u(a) = 4*a + 4. Let i(v) = -8*v + 3*v + 2*v - 4. Let h(g) = o*u(g) + 5*i(g). Determine h(0).
-4
Let j(x) = x**2 - 4*x - 8. Suppose -4*k + 0*k - 2*b - 24 = 0, 24 = -4*k + 5*b. Let r be k - (-3 - (-9)/3). Let c be (-38)/r + 2/(-6). Give j(c).
4
Let h be (-3)/2*(4 - 14). Suppose -3*g = h, -5*s + 9*g + 45 = 4*g. Let m(z) = -4*z**2 - 8*z. Let o(r) = -r**2 - r. Let i(y) = m(y) - 5*o(y). Give i(s).
4
Suppose -5*d + j + 0*j = -28, 2*d = 5*j + 2. Let t(r) be the third derivative of 0*r - 5*r**2 - 1/24*r**4 - 1/3*r**3 + 0 - 1/30*r**5 + 1/120*r**d. What is t(3)?
4
Let h(z) = 71*z + 16. Let y(a) = -14*a - 3. Let b = 1 - 12. Let l(d) = b*y(d) - 2*h(d). Determine l(1).
13
Let f be (18/4)/9 + 0. Let n(k) be the third derivative of 0 + 0*k + f*k**3 + k**2 + 1/60*k**5 - 1/24*k**4. Determine n(0).
3
Let m(s) = 23*s + 22. Let o be m(16). Let u be o/(-91) - 2/(-7). Let i(j) = -j + 1. What is i(u)?
5
Let y(c) be the second derivative of 2*c**3/3 + 4*c**2 + 65*c. What is y(-7)?
-20
Let q(l) = l**2 - 5463*l + 1 + 2731*l + 2729*l. Let s = 11 + -7. Calculate q(s).
5
Let m(a) = a**3 + 6*a**2 + 2*a + 4. Let i(v) = v**3 - 7*v**2 - 4*v + 18. Let t be i(8). Let s be t/(-8) + 13/52. Determine m(s).
-8
Let o = 12 + -8. Suppose -o*m + 6 = -m. Let z(w) = -6*w + 3 + 3*w**2 - 2*w**m + 2*w. Calculate z(4).
3
Let d(z) = 28*z + 19*z - 55*z + 3 - 1. Determine d(-4).
34
Suppose m - 2*v = 6, 66 = 4*m + 2*v + 12. Suppose -4*j + 28 = m. Let a(c) = -c**2 + 8*c - 4. What is a(j)?
12
Suppose -4*f - 30 = -70. Let l(i) = -i**3 + 10*i**2 + 2*i - 13. What is l(f)?
7
Let m = -1625 + 1619. Let j(h) = -h**2 - 7*h - 11. What is j(m)?
-5
Let p(r) = -13*r**2 - 451 + 897 - 456 + r**3. What is p(13)?
-10
Let i = 7 + -3. Suppose -l = i*l + 25. Let s(o) = 6*o - 8. Let n(h) = -7*h + 9. Let a(f) = -3*n(f) - 4*s(f). What is a(l)?
20
Let y(r) = r**3 - 3*r**2. Suppose -7*s + 4*s + 6 = 0. Let i be (-3 - -2)*(s + 1). Let h(j) = 2*j**3 - 3*j**2 + j + 1. Let t(u) = i*y(u) + 2*h(u). Give t(-2).
2
Let c(i) be the third derivative of 1/30*i**5 - 1/6*i**3 + 0 + 0*i**4 + 0*i + 12*i**2 + 1/20*i**6. What is c(-1)?
-5
Let a(n) = 2*n - 6 + 10*n - 20*n. What is a(-5)?
34
Let h(b) = -3*b**2 + 9*b - 7. Let n(a) = -2*a**2 + 4*a - 5. Let z(o) = -3*h(o) + 5*n(o). Calculate z(-6).
2
Let h(b) be the first derivative of b**4/4 - 2*b**3 + 4*b + 2. Let m = 229 + -223. Determine h(m).
4
Let y(o) = -12*o**3 + 4*o**2 - 5*o - 6. Let n(j) = -j**3 + j**2 - j - 1. Let s(g) = -6*n(g) + y(g). Let m = -15 + 16. Give s(m).
-7
Let r(v) = 20*v + 11. Let x(h) = -17*h - 8. Let i(z) = 6*r(z) + 7*x(z). Give i(5).
15
Let g(d) = 4*d**2 - 3*d + 1. Let j be g(1). Suppose 4*a = a + j*a. Let n(q) = q - 2. What is n(a)?
-2
Suppose 2*k - 5*k = -3. Let c be (-2)/k*(-2 - (-33)/6). Let r(w) = -w**3 - 8*w**2 - 7*w - 4. Give r(c).
-4
Let d(m) = 23*m**2 - 3*m**3 - 32 - 1 - 13*m + 31. Give d(7).
5
Let a be (-1)/(-3) - 4/(-6). Suppose -2*m = 3*x - 86, -30 = -x - 3*m + a. Suppose -8 = 4*s - l, -3 + x = -5*s + 5*l. Let c(u) = 2*u**2 + u + 1. What is c(s)?
2
Let r(p) = p**3 - 4*p**2 - 6*p + 7. Let i(z) = 5*z - 45. Let c be i(10). Calculate r(c).
2
Let t be (2 + (-14)/4)/((-6)/32). Let q(y) = -1 + y**3 + y**2 + 13 - 4 - t*y**2. Determine q(7).
8
Let l be (-214)/(-42) + 7*(-14)/1029. Let i(o) = o**3 - 5*o**2 - 5*o - 3. Give i(l).
-28
Let j(f) be the second derivative of -f**6/720 - 2*f**5/15 - 37*f**4/12 - 19*f. Let q(v) be the third derivative of j(v). What is q(0)?
-16
Suppose 4 = 2*z + z - r, -z = 4*r - 23. Suppose 5*i - 2*i = 12. Let w(s) = -5*s**3 - 4*s + 0*s + 4*s**3 + 0*s**3 + i*s**2 + 3. Determine w(z).
0
Let n(c) = 1 + 5975*c - 5979*c - 8. Calculate n(-6).
17
Let i(z) = -8*z**2 + 1 + 2*z**2 + 7*z**2 + 5*z. Let l(m) = -m**2 + 12*m + 30. Let j be l(14). Suppose 4*o - j*p = -30, 5*o + p + p = -24. What is i(o)?
7
Let r(b) = -b**2 - 2. Let s be r(-2). Let y be (2/s)/((-7)/105). Let c(i) be the second derivative of -i**4/12 + 5*i**3/6 + 5*i. Determine c(y).
0
Suppose -r - 12 = -3*h - 3, -4*h + 5*r = -12. Let o(a) = a**h - 15 - a + 3*a + 4 - 3*a. Give o(0).
-11
Let m(i) be the second derivative of i**8/2240 - i**7/1260 - i**6/720 + i**4/12 - 2*i. Let d(v) be the third derivative of m(v). Calculate d(-1).
-4
Let r(s) = 64*s - 47. Let d(m) = 26*m - 23. Let i(k) = 5*d(k) - 2*r(k). Determine i(9).
-3
Let l(p) = p. Let x = 554 + -559. Determine l(x).
-5
Let a(i) be the second derivative of -1/6*i**3 + 3/2*i**2 + 0 + 9*i. Calculate a(6).
-3
Let v be 4/(-5) + (-520)/100. Let b(d) = d. Calculate b(v).
-6
Let c = 5 - 9. Let y(h) = -5*h**2 - 20*h**2 + 24*h**2 + 30*h - 31*h. Calculate y(c).
-12
Let w(z) = z. Let h be w(8). Suppose -5*p = -3*p - 16. Let b(c) = -3*c + h + p*c - 6*c. Calculate b(0).
8
Suppose 77*g - 83*g + 6 = 0. Let a(k) = 497*k**2 - 495*k**2 + 0 + g - 2*k. Suppose 5*m - 9 - 1 = 0. Calculate a(m).
5
Let d(c) = 5*c**3 - 26*c**2 - 5*c - 16. Let r(b) = 9*b**3 - 49*b**2 - 10*b - 29. Let n(u) = -11*d(u) + 6*r(u). Give n(-7).
-12
Let x(s) = s - 2. Suppose 2*g = -6, g = 5*m + 26 + 1. Calculate x(m).
-8
Let g(k) be the second derivative of -k**3 + 15*k**2 + 10*k - 20. Determine g(5).
0
Let y(s) = -s**3 + 6*s**2 - 12*s + 20. Let i be y(4). Let d(p) be the third derivative of p**6/120 - p**5/15 - p**4/12 + p**3/6 - 2*p**2. Calculate d(i).
-7
Let x(h) = -h**3 - 8*h**2 - 8*h - 1. Let j be x(-7). Suppose 0 = -0*v - v + 2. Let p(y) = 6*y**2 + 0*y**2 + v - y**2 - y**3 + 7*y + 0. Calculate p(j).
8
Let j(i) be the first derivative of 2*i**2 + i + 95. Calculate j(2).
9
Let m(n) = 2*n + 2*n - 4 + n - 8*n. Let j = 13 + -18. Let t(q) = 3*q + 3. Let l(w) = j*t(w) - 4*m(w). Determine l(-1).
4
Let r(t) = t**2 + 18*t - 66. Let v be r(-21). Let g(q) = 7*q**2 + 5*q + 3. Determine g(v).
51
Let s(c) = 0*c**2 - 4*c**2 - 4*c - 1 + 5*c**2. Suppose 5*y = -2*f + 18, -4*y = -2*f + 4*f - 14. What is s(y)?
-1
Let z(x) = 2*x - 8*x**2 - 2*x - 6*x + 2